{"id":74,"date":"2012-09-26T21:41:29","date_gmt":"2012-09-26T19:41:29","guid":{"rendered":"http:\/\/www.petra-jung.de\/wordpress\/?page_id=74"},"modified":"2012-09-26T22:48:32","modified_gmt":"2012-09-26T20:48:32","slug":"impressum","status":"publish","type":"page","link":"https:\/\/www.petra-jung.de\/wordpress\/?page_id=74","title":{"rendered":"Impressum"},"content":{"rendered":"<p>&nbsp;<\/p>\n<div>\n<p>Impressum, Copyright<br \/>\nImpressum gem\u00e4ss \u00a7 6 Teledienstegesetz (TDG)<\/p>\n<p>Inhaltlich Verantwortlicher gem\u00e4ss<br \/>\n\u00a7 6 Mediendienstestaatsvertrag (MDStV):<br \/>\nPetra Jung und Dieter Bender, Ottweilerstra\u00dfe 84, 66113 Saarbr\u00fccken<\/p>\n<p>jung@petra-jung.de oder bender-sports@t-online.de<\/p>\n<p>Tel. 0681\/42575 , 0681\/43502 oder 0171\/3445025<\/p>\n<p>Haftungshinweis:<br \/>\nUnsere Internet-Pr\u00e4senz enth\u00e4lt Links zu Inhalten externer Anbieter. Wir kontrollieren die verlinkten Inhalte in diesem Sinne regelm\u00e4\u00dfig und sorgf\u00e4ltig. Gleichwohl k\u00f6nnen wir es nicht sicher ausschlie\u00dfen, dass sich z. B. infolge Zeitablaufs oder Ver\u00e4nderung der Inhalte im Nachhinein, Gesetzes- oder Verletzungen von Rechten Dritter durch die verlinkten externen Inhalte ergeben k\u00f6nnten. Eine Haftung f\u00fcr die externen verlinkten Inhalte schlie\u00dfen wir daher aus. F\u00fcr die externen Inhalte sind deren Betreiber bzw. Anbieter verantwortlich.<\/p>\n<p>Bei technischen Fragen wenden Sie sich bitte an:<br \/>\nE-Mail: info@bender-sports.de<\/p>\n<p>Copyright<\/p>\n<p>Die Rechte aller inhaltlichen Daten und Bilder liegen bei den Autoren. Das Kopieren, Weiterverarbeiten der Daten und Bilder, auch in Ausz\u00fcgen, ist nur mit ausdr\u00fccklicher Genehmigung gestattet.<\/p>\n<p>\u00a9 copyright 2012 Petra Jung, Dieter Bender<\/p>\n<\/div>\n","protected":false},"excerpt":{"rendered":"<p>&nbsp; Impressum, Copyright Impressum gem\u00e4ss \u00a7 6 Teledienstegesetz (TDG) Inhaltlich Verantwortlicher gem\u00e4ss \u00a7 6 Mediendienstestaatsvertrag (MDStV): Petra Jung und Dieter Bender, Ottweilerstra\u00dfe 84, 66113 Saarbr\u00fccken jung@petra-jung.de oder bender-sports@t-online.de Tel. 0681\/42575 , 0681\/43502 oder 0171\/3445025 Haftungshinweis: Unsere Internet-Pr\u00e4senz enth\u00e4lt Links zu &hellip; <a href=\"https:\/\/www.petra-jung.de\/wordpress\/?page_id=74\">Weiterlesen <span class=\"meta-nav\">&rarr;<\/span><\/a><\/p>\n","protected":false},"author":1,"featured_media":0,"parent":0,"menu_order":0,"comment_status":"open","ping_status":"open","template":"","meta":{"footnotes":""},"class_list":["post-74","page","type-page","status-publish","hentry"],"_links":{"self":[{"href":"https:\/\/www.petra-jung.de\/wordpress\/index.php?rest_route=\/wp\/v2\/pages\/74","targetHints":{"allow":["GET"]}}],"collection":[{"href":"https:\/\/www.petra-jung.de\/wordpress\/index.php?rest_route=\/wp\/v2\/pages"}],"about":[{"href":"https:\/\/www.petra-jung.de\/wordpress\/index.php?rest_route=\/wp\/v2\/types\/page"}],"author":[{"embeddable":true,"href":"https:\/\/www.petra-jung.de\/wordpress\/index.php?rest_route=\/wp\/v2\/users\/1"}],"replies":[{"embeddable":true,"href":"https:\/\/www.petra-jung.de\/wordpress\/index.php?rest_route=%2Fwp%2Fv2%2Fcomments&post=74"}],"version-history":[{"count":4,"href":"https:\/\/www.petra-jung.de\/wordpress\/index.php?rest_route=\/wp\/v2\/pages\/74\/revisions"}],"predecessor-version":[{"id":111,"href":"https:\/\/www.petra-jung.de\/wordpress\/index.php?rest_route=\/wp\/v2\/pages\/74\/revisions\/111"}],"wp:attachment":[{"href":"https:\/\/www.petra-jung.de\/wordpress\/index.php?rest_route=%2Fwp%2Fv2%2Fmedia&parent=74"}],"curies":[{"name":"wp","href":"https:\/\/api.w.org\/{rel}","templated":true}]}}